 6. Give m(7).
41
Let k(l) = l**3 - 6*l**2 + 8*l - 2. What is k(3)?
-5
Let z(o) = o**3 - 2*o**2 - o - 18. Calculate z(4).
10
Let w(q) = -q. Give w(-5).
5
Let t(f) = -f**3 + 19*f**2 + 87*f - 22. Calculate t(-4).
-2
Let r(z) = z**2 - 10*z + 15. Calculate r(4).
-9
Let q(j) = 12*j - 88. Give q(8).
8
Let v(d) = 6*d**2 - 2*d + 3. Give v(2).
23
Let f(r) = r - 5. Determine f(0).
-5
Let o(l) = -l**3 - 9*l**2 - 2. Give o(-9).
-2
Let s(j) = 6*j - 4. Determine s(3).
14
Let c(m) = 6*m**2 - 3*m. Give c(2).
18
Let a(d) = 6*d + 35. What is a(-8)?
-13
Let d(b) = -b**2 + 25*b - 165. Determine d(10).
-15
Let m(t) = t**3 + 7*t**2 + 13*t - 1. What is m(-7)?
-92
Let h(z) = -z**3 - 2*z - 4. What is h(3)?
-37
Let p(f) = f**3 + 10*f**2 + 21*f + 41. What is p(-8)?
1
Let k(l) = 25*l + 578. What is k(-23)?
3
Let b(d) = -43*d - 1. Calculate b(3).
-130
Let x(p) = -46*p - 2. What is x(-1)?
44
Let v(t) = -t**2 - 10*t + 4. What is v(-12)?
-20
Let d(s) = -2*s**3 + 22*s**2 + 25*s - 17. Calculate d(12).
-5
Let z(h) = h**2 - 4*h - 7. What is z(5)?
-2
Let b(k) = k. Calculate b(-9).
-9
Let q(m) = 22*m**2 + 109*m - 1. Calculate q(-5).
4
Let s(d) = -5*d - 70. Give s(-9).
-25
Let v(z) = 14*z**2 - 61*z + 15. What is v(4)?
-5
Let n(d) = -3*d**3 + 21*d**2 + d - 11. Give n(7).
-4
Let b(y) = -4*y**2 - 2*y + 2. Give b(2).
-18
Let q(y) = y**2 + 96*y - 505. Calculate q(5).
0
Let a(m) = -3*m - 24. What is a(-7)?
-3
Let q(a) = -27*a**2 - a. Determine q(-1).
-26
Let i(d) = -d**2 + 2*d + 13. Determine i(3).
10
Let a(s) = 7*s - 54. Calculate a(7).
-5
Let r(p) = p**3 - 8*p**2 + 9*p + 14. Give r(6).
-4
Let y(u) = -u**3 + 39*u**2 - 79*u + 187. Determine y(37).
2
Let d(k) = -k**3 - 16*k**2 - 14*k + 20. Give d(-15).
5
Let z(m) = m**3 + 7*m**2 - 2*m - 3. Give z(-7).
11
Let f(v) = -8*v - 111. Give f(-13).
-7
Let h(b) = 3*b**2 + 20*b - 8. What is h(-7)?
-1
Let y(k) = -9*k + 9. What is y(5)?
-36
Let y(f) = f**3 + 12*f**2 - 29*f - 19. Give y(-14).
-5
Let z(c) = -11*c - 92. Give z(-9).
7
Let d(x) = 2*x**3 - 4*x. What is d(-2)?
-8
Let d(a) = 49*a + 434. What is d(-9)?
-7
Let i(p) = -5*p**3 + 5*p**2 + 4*p + 1. What is i(-1)?
7
Let j(w) = w**3 + 2*w**2 - w + 9. Calculate j(0).
9
Let h(a) = 9*a + 8. Determine h(-3).
-19
Let d(o) = 4*o**2 - 35*o - 55. What is d(10)?
-5
Let d(h) = 165*h - 822. Calculate d(5).
3
Let z(j) = -5*j - 9. Determine z(1).
-14
Let t(w) = w**3 - 10*w**2 - 11*w - 1. What is t(11)?
-1
Let b(m) = -8*m**2 - 76*m - 38. Give b(-9).
-2
Let r(g) = -5*g - 233. Determine r(-44).
-13
Let m(c) = c**3 - 15*c**2 + 34*c + 18. What is m(12)?
-6
Let d(s) = 7*s**2 + 93*s + 30. Give d(-13).
4
Let m(z) = z**2 - 10*z + 26. Give m(7).
5
Let r(v) = v**3 + 4*v**2 - 4*v + 2. Calculate r(-5).
-3
Let d(q) = q - 10. Give d(9).
-1
Let x(s) = s**3 - 8*s**2 + s - 11. Determine x(8).
-3
Let l(o) = 2*o**2 + 1. Calculate l(-2).
9
Let x(z) = z**2 - 12*z - 2. Give x(13).
11
Let m(b) = -54*b - 272. Determine m(-5).
-2
Let d(n) = n**2 - 68*n + 199. Calculate d(65).
4
Let c(w) = w**3 + 2*w**2 - 9*w - 3. What is c(-4)?
1
Let o(p) = -p**2 - 8*p + 6. What is o(-14)?
-78
Let p(u) = -u**3 + 17*u**2 + 19*u - 2. Give p(18).
16
Let g(p) = -p**3 - 10*p**2 + 12*p + 4. Calculate g(-11).
-7
Let n(u) = 9*u**2 - 3*u - 8. What is n(-5)?
232
Let o(c) = c**2 + 5*c - 4. What is o(-5)?
-4
Let y(i) = -19*i + 266. What is y(14)?
0
Let m(g) = 3*g + 10. Calculate m(-4).
-2
Let a(u) = 2*u - 43. Give a(19).
-5
Let p(h) = -h**2 - 12*h - 25. Calculate p(-9).
2
Let a(d) = -d**3 + 8*d**2 - 10*d + 1. Give a(6).
13
Let v(x) = 6*x - 10. What is v(0)?
-10
Let a(f) = -f**2 - 37*f - 17. Give a(-36).
19
Let p(d) = 7*d + 162. Determine p(-24).
-6
Let a(f) = -f**2 + 38*f + 227. Calculate a(43).
12
Let n(c) = -c**2 - 56*c - 103. Calculate n(-54).
5
Let s(f) = -10*f**3 + 2*f**2 + f - 2. Give s(1).
-9
Let o(k) = 5*k**2 - 8*k - 13. Calculate o(3).
8
Let k(m) = m**3 - 17*m**2 - 2*m + 21. Determine k(17).
-13
Let g(d) = d**3 - 25*d**2 + 49*d - 24. Calculate g(23).
45
Let n(q) = -q**3 - q**2 - 5*q + 1. Give n(-4).
69
Let v(k) = k**3 - 2*k**2 - 3*k. What is v(3)?
0
Let p(o) = -o**3 + 5*o**2 + 2*o - 1. What is p(5)?
9
Let t(k) = 2*k**3 - 16*k**2 - 2*k + 13. Give t(8).
-3
Let f(a) = -14*a + 1. What is f(4)?
-55
Let h(w) = 3*w**3 + w**2 + w - 5. Calculate h(2).
25
Let b(o) = 6*o**2 - 3*o + 2. Calculate b(1).
5
Let f(g) = -9*g**2 - 18*g - 15. Give f(-1).
-6
Let l(g) = -g**3 + 38*g**2 + 36*g + 127. Calculate l(39).
10
Let u(w) = 3*w**2 - 2*w. Calculate u(-2).
16
Let n(z) = 3*z**3 - 53*z**2 - 18*z - 18. What is n(18)?
-18
Let v(u) = -u**2 + 39*u - 227. Give v(32).
-3
Let u(o) = -2*o + 11. What is u(4)?
3
Let a(q) = q**2 + 5*q + 3. Give a(-3).
-3
Let h(s) = -s**3 - 6*s**2 - s + 3. Calculate h(-5).
-17
Let w(t) = 3*t + 48. What is w(-16)?
0
Let j(l) = l - 11. Give j(0).
-11
Let d(l) = l + 31. Calculate d(-26).
5
Let q(l) = -5*l - 1. Determine q(-3).
14
Let i(j) = -j**2 + 9*j + 21. Give i(-5).
-49
Let n(a) = 4*a + 81. Give n(-21).
-3
Let s(m) = 2*m**3 + 2*m**2 + 4. Determine s(-2).
-4
Let k(u) = u**2 - u + 60. Give k(0).
60
Let w(p) = 2*p**3 + 2*p**2 + 2*p - 1. Give w(-2).
-13
Let r(c) = -36*c + 76. Give r(2).
4
Let g(n) = -n**2 - 11*n - 6. Determine g(-7).
22
Let f(z) = -4*z - 3. What is f(5)?
-23
Let q(p) = 2*p + 11. What is q(-9)?
-7
Let i(t) = t - 34. Give i(14).
-20
Let a(p) = -p**2 - 5*p - 11. What is a(-5)?
-11
Let c(x) = 5*x**3 - 5*x - 5. What is c(-1)?
-5
Let h(m) = 4*m**2 - 15*m + 3. Determine h(4).
7
Let s(z) = 2*z**2 - 21*z - 13. Calculate s(11).
-2
Let t(p) = 2*p - 38. Give t(16).
-6
Let o(z) = z**3 - 12*z**2 + 22*z - 13. Calculate o(10).
7
Let y(h) = h**3 + 10*h**2 - 13*h - 31. What is y(-11)?
-9
Let w(a) = a**2 - 9*a + 12. What is w(7)?
-2
Let i(g) = -g - 9. Determine i(-12).
3
Let f(k) = -k**2 + 17*k + 46. Calculate f(19).
8
Let a(c) = 7*c - 59. Give a(9).
4
Let m(i) = -14*i + 3. Give m(-4).
59
Let f(o) = o**3 - 2*o**2 + 2*o + 3. Give f(-2).
-17
Let x(p) = p**3 - p**2 - 15*p + 6. Give x(4).
-6
Let j(w) = 22*w**3 + w**2 - 2*w + 1. What is j(1)?
22
Let f(h) = 3*h + 4. Determine f(2).
10
Let d(b) = b**2 + 5*b + 3. Give d(-4).
-1
Let l(n) = n**2 + 39*n + 235. Calculate l(-31).
-13
Let g(z) = -4*z + 145. Calculate g(36).
1
Let a(s) = -7*s - 41. Calculate a(-4).
-13
Let x(d) = -d**2 + 18*d - 37. Calculate x(14).
19
Let o(g) = -2*g**2 - 2*g + 4. What is o(-3)?
-8
Let j(n) = n**3 + 35*n**2 - 41*n - 197. Give j(-36).
-17
Let x(k) = 11*k. Give x(-1).
-11
Let x(l) = -l**3 - 19*l**2 + 20*l. Give x(-20).
0
Let l(x) = -x**3 - x**2 + 58*x + 13. Give l(-8).
-3
Let c(i) = -2*i**2 + 10*i - 14. Give c(2).
-2
Let k(c) = -6*c + 21. What is k(7)?
-21
Let z(h) = h**3 - 12*h**2 + 15*h + 5. Determine z(11).
49
Let s(g) = 19*g - 112. Give s(6).
2
Let m(g) = -g**3 - 9*g**2 - 24*g - 20. What is m(-8)?
108
Let p(d) = d**3 + 7*d**2 - 8*d - 9. Calculate p(-6).
75
Let i(t) = -t**3 + 3*t**2 + 2*t + 3. What is i(0)?
3
Let s(g) = -2*g**2 + 4. Calculate s(-3).
-14
Let t(b) = -8*b + 47. Determine t(5).
7
Let g(x) = 26*x + 515. Give g(-20).
-5
Let y(t) = -5*t - 16. What is y(1)?
-21
Let j(f) = f + 9. What is j(-9)?
0
Let d(m) = -m**2 + 12*m + 13. Give d(11).
24
Let c(j) = j**3 + 2. Give c(0).
2
Let n(k) = -23*k + 66. Determine n(2).
20
Let q(j) = j**2 - 12*j - 26. Give q(14).
2
Let f(m) = -m**2 + 4*m + 5. Determine f(3).
8
Let m(k) = k**3 - 2*k**2 - 7*k + 6. Determine m(0).
6
Let n(j) = j**3 - 8*j**2 + 8*j + 7. What is n(7)?
14
Let l(y) = 177*y - 1590. What is l(9)?
3
Let i(u) = -4*u**2 - 2*u + 1. Calculate i(-2).
-11
Let p(b) = -b**3 + 20*b**2 + 29*b + 10. Give p(21).
178
Let i(o) = 19*o**2 - 2*o. Give i(2).
72
Let l(c) = c**3 + 19*c**2 + 15*c - 55. Determine l(-18).
-1
Let m(u) = 3*u**2 + 3*u + 20. Calculate m(0).
20
Let o(l) = -3*l**3 - 3*l + 3. What is o(1)?
-3
Let n(i) = -i**2 - 6*i - 12. Determine n(-5).
-7
Let y(x) = x - 58. What is y(36)?
-22
Let u(m) = -16*m**2 - 2*m + 3. Determine u(2).
-65
Let g(l) = 3*l + 17. Determine g(12).
53
Let q(p) = 2*p**2 - p - 2. What is q(-3)?
19
Let b(s) = 20*s**2 - 4. What is b(1)?
16
Let m(j) = 5*j**3 + j**2 + 5*j + 4. Calculate m(-1).
-5
Let d(c) = 2*c**2 - 5*c - 1. Give d(4).
11
Let g(w) = -2*w + 12. What is g(4)?
4
Let f(z) = 5*z**2 - 2*z + 1. Determine f(-2).
25
Let z(m) = -m**2 - 7*m - 5. Give z(-5).
5
Let q(a) = -a + 9. Give q(-4).
13
Let y(c) = -c**2 